e the remainder when i is divided by 16.
14
Let m = -30 + 32. Suppose -3 = -h - c, -4*c + 3 = m*h + c. Suppose -2*n - 14 = -44. What is the remainder when n is divided by h?
3
Calculate the remainder when 14*2/4 - -644 is divided by 190.
81
Let t = 60 - 37. Let l = t + -15. Suppose 5*z - 2*j - 94 = 0, 27 = -5*z - 5*j + 142. Calculate the remainder when z is divided by l.
4
Let v = 2892 - 1998. Suppose 0 = -14*l + v + 716. Calculate the remainder when l is divided by 21.
10
Suppose 14*i = -259*i - 10345 + 121456. Calculate the remainder when i is divided by (1/(-1) + -40)*-2.
79
Suppose 128*b + 15*b - 20878 = 0. What is the remainder when 2919 is divided by b?
145
Suppose -35*v + 605 - 325 = 0. Calculate the remainder when 39 is divided by v.
7
Let g = 2833 - 2392. What is the remainder when g is divided by 46?
27
Calculate the remainder when (-2)/(-14) - (19 - 4324/14) is divided by 43.
32
Let u(y) = -2*y**3 - 100*y**2 - 111*y - 336. What is the remainder when u(-49) is divided by 162?
139
Let c = -991 + 1519. What is the remainder when c is divided by 176?
0
Let u = -11590 + 12285. What is the remainder when u is divided by 17?
15
What is the remainder when 115 is divided by -22 + -6 + 22 - (-17 - 1)?
7
Let r(h) be the first derivative of 3*h**2/2 - 4*h - 29. Suppose 2*q - 25 + 7 = 0. Calculate the remainder when 88 is divided by r(q).
19
Let v(c) = 41*c**3 - 7*c**2 + 43*c - 139. What is the remainder when v(4) is divided by 91?
88
Let f(r) = 56*r + 780. Calculate the remainder when 857 is divided by f(-9).
29
Suppose -178*o + 646*o = 178308. What is the remainder when o is divided by 10?
1
Let n = -7342 - -7360. What is the remainder when 4517 is divided by n?
17
Suppose -12 = -3*d + 3*z, z + 1 = 4*d - 3. Suppose -4*y = -8, 5*q + y + d*y - 102 = 0. Suppose 3*k - 5*k + q = 0. What is the remainder when 36 is divided by k?
6
Suppose -4647*d = -4705*d + 116. Suppose -13*b = -16*b + 81. Calculate the remainder when b is divided by d.
1
Let n(l) = -412*l + 261. What is the remainder when n(-3) is divided by 6?
3
Suppose 14*t = 149*t + 47204 - 143864. What is the remainder when 783 is divided by t?
67
Let u be (-96)/(-30) - 12/(-15). Suppose 2*x + b = -5, -u*b - 2 = 18. Suppose x = 3*l + 4*l - 259. Calculate the remainder when 146 is divided by l.
35
Let p(u) = -2*u - 48. Let v be p(-24). Let m be 0/1*((-1)/(-2) - v). Let a(z) = -7*z + 109. Calculate the remainder when a(m) is divided by 16.
13
Calculate the remainder when (-3)/14 - 14969126/(-1652) is divided by 206.
203
Let m = -6783 - -6810. What is the remainder when 632 is divided by m?
11
Let o(t) = -2*t**3 + 3*t**2 - 6*t + 63. Let h(r) = 243*r**2 - 1. What is the remainder when h(-1) is divided by o(0)?
53
Let c(z) = -9*z**3 - 4*z**2 + z + 2. Let s = -209 + 207. Calculate the remainder when 166 is divided by c(s).
54
Let b(x) = 16*x**2 + 307*x - 46. What is the remainder when b(-21) is divided by 18?
5
Let l = 15 - 51. What is the remainder when 161 + 4*(-63)/l is divided by 63?
42
Suppose -3*i = -0*j - 4*j + 104, -2*i - 60 = -5*j. Calculate the remainder when -2*(-2)/(-20) + (-18208)/i is divided by 57.
56
Suppose -118 = 4*c + 3*w, -120 = -0*c + 4*c + 2*w. Let r = c - -50. What is the remainder when 35 is divided by r?
16
Suppose 5*z + 0*z - 290 = 0. Suppose 24*m = 4*m - 7*m + 6210. Calculate the remainder when m is divided by z.
56
What is the remainder when ((-34)/(-6))/(3/63) is divided by (1/(-10) + (-69)/(-230))*55?
9
Calculate the remainder when (-2 - 144/(-60)) + (-36)/(-10) + 1284 is divided by 17.
13
Suppose -6*b + 31 = 3*d - b, -d + b + 13 = 0. Suppose 4*y + 10*m = d*m + 38, 5*m = -2*y + 37. What is the remainder when 28 is divided by y?
6
Suppose 3*v - 5012 = -4*f, 0 = -295*f + 294*f - 4*v + 1240. Calculate the remainder when f is divided by 161.
129
Let f = 2487 + -2463. Calculate the remainder when 5711 is divided by f.
23
Let m(y) = -y**2 - 3*y + 11. Let d be m(3). What is the remainder when d*(-5)/35 - (-60)/2 is divided by 18?
13
Suppose -400*i + 4480 = -336*i. What is the remainder when i is divided by 12?
10
Suppose -5*p - 4*t = -4*p - 40, -4*p + 4*t = -260. Suppose -11*y + 127 + p = 0. Suppose -y*b + 307 = -220. What is the remainder when b is divided by 17?
14
Suppose 9*u - 64 = -7*u. Suppose 0 = -3*g - u*g - 35. What is the remainder when (g/10 - (-18)/20)*125 is divided by 20?
10
Suppose -239 = 5*f + b, 5*b = -2*f - 117 + 3. Let h = -20 - f. Calculate the remainder when h is divided by 15.
12
Suppose 4*m + 6*m + 20 = 0. Calculate the remainder when 4362/54 + (16/(-36))/m is divided by 41.
40
Suppose 11373 = 70*x + 13*x - 6306. What is the remainder when 1489 is divided by x?
211
Let l = -851 - -1755. Suppose 76 = -12*m + l. Suppose 4*i - 2*i = 2*q - 42, -4*i = 3*q - 42. What is the remainder when m is divided by q?
15
Calculate the remainder when (-5)/(-105)*12 - (554967/(-49))/9 is divided by 327.
278
Suppose -6*c = 3*c. Suppose 6*v - 3*v - 15 = c. Suppose -3*g + 4*s = -33, -46 + 2 = -v*g + 3*s. Calculate the remainder when 27 is divided by g.
6
Suppose -d + 23 = -108. Let w = 180 - d. What is the remainder when w is divided by 23?
3
Suppose 39*r - 3*r - 126477 = -81*r. Calculate the remainder when r is divided by 47.
0
Let u be (-482)/18 + 3 + 6/(-27). Let t = u - -23. Calculate the remainder when 22 is divided by -1 + 1 + 5 + t.
2
Suppose p + 2952 = 25*p. Let s = p + 42. What is the remainder when s is divided by 21?
18
Suppose -46 = -5*a + 4. Suppose 13*s - 477 = a*s. What is the remainder when s is divided by (4 + -18)*80/(-35)*1?
31
Let k(h) = 2*h + 38. Suppose 3 = 4*t + 3*d - 3, -5*d - 16 = -2*t. Suppose 2*c = t*m + c + 49, -75 = 5*m + 5*c. What is the remainder when k(m) is divided by 6?
0
Let b(w) = 14*w**2 + w + 1. Let a be b(1). Calculate the remainder when (-10)/35 - (-268)/7 is divided by (-1802)/(-136) - 2/a*2.
12
Suppose 0*i + 4 = 2*i. Suppose -i*j = -j + 99. Calculate the remainder when 11/j - (-578)/18 is divided by 17.
15
Suppose 3*o + k = 111, 3*o = o + 2*k + 66. Let p(y) = 22*y**2 + 18*y + 76. What is the remainder when p(-4) is divided by o?
32
Let f = -36 + 80. Suppose -2*u + 4*n + 0 = -2, f = 4*u + 2*n. Calculate the remainder when 69 is divided by u.
6
Let n(p) = -1317*p - 2624. Let c(z) = -z**3 - z**2 + z + 2. What is the remainder when c(-3) is divided by n(-2)?
7
Let l(w) = w**2 + 48*w + 495. Let y = 14 + -5. Calculate the remainder when l(-34) is divided by (-2)/y + (-92)/(-9).
9
Let u be 9 + 0 + -6 + (-1 - -282). Let q = -263 + u. Let j = 79 + -40. What is the remainder when j is divided by q?
18
Let d(r) = r**3 + 2*r**2 - 25*r - 3. Let g be d(-6). Calculate the remainder when 124 is divided by 10/(-5) - g - -12.
5
What is the remainder when 1183 is divided by (6/(-16))/((-240)/7040) - -5?
15
What is the remainder when 2923 is divided by 28/(-20) - -1 - (10 + (-604)/10)?
23
Suppose 9 = 3*q - 3*n, 3*n + 2 = q + 5. What is the remainder when 13 is divided by 80/q - (16/(-24))/(-2)?
0
What is the remainder when 412 is divided by (336/(-8))/7 - (-5 + -29 + -2)?
22
Let l(y) = -y**3 + 4*y**2 - y. Let n be 20/6*(-5 - 52/(-8)). Suppose -n*b = -6*b + 14. What is the remainder when b is divided by l(3)?
2
Suppose -1002*i + 991*i = -242. What is the remainder when 612 is divided by i?
18
Suppose 4*m + 281 = 6*m + 5*x, 399 = 3*m + 3*x. What is the remainder when 288 is divided by m?
32
Calculate the remainder when 1340 - (-2 + -8 - -17) is divided by 29.
28
Let f(v) = 94*v**3 - v**2. Suppose 4*z = 16, -2*p = -7*p - 2*z + 988. Suppose 10*i = p - 76. Calculate the remainder when f(1) is divided by i.
9
Let j be 4/((-96)/450) - 6/(-8). What is the remainder when j/(-117) + 25539/39 is divided by 82?
81
Let k(d) = -3*d + 6*d + 33 - 6. Suppose l + 4 = 3*p - 2*p, 4*l = 3*p - 16. Calculate the remainder when k(p) is divided by 11.
5
Let u(s) = 2*s**2 - 42*s - 41. Let h be u(22). Suppose -3 = h*t, -5*y + 5*t + 46 = -94. What is the remainder when y is divided by 13?
1
Let x(d) = 10*d**3 - 3*d**2 - 6*d - 5. Let j(c) = -11*c**3 + 4*c**2 + 7*c + 6. Let k(y) = 3*j(y) + 4*x(y). Calculate the remainder when 238 is divided by k(2).
46
Suppose -3*f + 8990 + 4076 = 2*g, -2*f + 2*g + 8724 = 0. Calculate the remainder when f is divided by 8.
6
Suppose -8*w - 2269 =